hat is the remainder when 4518 is divided by s(-31)?
30
Let l = -88 + 93. Suppose 6*g + 5 - l = 0. Let b = g + 162. What is the remainder when b is divided by 33?
30
Suppose -78 + 43 = -7*k. Suppose 10*n - k*n = 225. Calculate the remainder when 130 is divided by n.
40
Let z = -154 - -154. Calculate the remainder when (-4 - -4) + (83 - z) is divided by 25.
8
Let p = 30 + -27. What is the remainder when 2/1 - (-19 + 0 + -1) is divided by (p - (-1 - 2)) + -2?
2
Let g(y) = -y - 18. Let n be g(-17). Calculate the remainder when 82 is divided by ((-27)/30 - n) + 338/20.
14
Let g = 272 - 403. Let w = g + 147. Calculate the remainder when 124 is divided by w.
12
Suppose 2*a - 790 = 212. What is the remainder when a is divided by (588/140)/(1/((-50)/(-15)))?
11
Let w(i) = i**3 - i - 90. Let b be w(0). Let n = b - -90. Suppose 4*u - 249 + 49 = n. What is the remainder when u is divided by 13?
11
Let w be (3072/(-40))/((-3)/(-10)) + 1. Let x be w/10 - ((-9)/6 + 2). Let k = 1 - x. Calculate the remainder when k is divided by 8.
3
Let y be 5/(1/(-9)*-3*3). Suppose y*p = 2*r + r - 175, -p + 145 = 3*r. What is the remainder when r is divided by 30?
20
Let l(i) = 23*i + 6. Let o be l(2). Suppose -3*g = -4*g + o. Suppose -h + 17 = 2*b, 2*h + 2*b + 64 = 4*h. What is the remainder when g is divided by h?
25
Let y be 5/((0 + -1)/((-65)/(-13))). Let d = y - 44. Let w = 105 + d. Calculate the remainder when 65 is divided by w.
29
Let s(z) be the third derivative of z**4/8 - z**3/2 - z**2. Let x = -20400 - -20427. Calculate the remainder when x is divided by s(6).
12
Let u(f) = 15*f**2 + 31*f - 9. Let q be u(7). Suppose 32*d = 9*d + q. What is the remainder when 244 is divided by d?
39
Let a = -27 + -187. Let f = -193 - a. What is the remainder when f is divided by 1/2 + (-60)/(-8)?
5
Suppose -2*c + 3 = v - c, -v = 4*c + 3. Let w(x) = 1 + 5*x + 5 - 10 - 8. Calculate the remainder when w(7) is divided by v.
3
Let t be (1 + 55/15)*-3. Let p = -9 - t. What is the remainder when 48 is divided by (-1089)/(-45) - (-4)/p?
23
Suppose 6*d - 16*d = o - 7285, 2*d - 1478 = 4*o. Calculate the remainder when d is divided by 61.
58
Let x(f) = 4*f**3 - 12*f**2 + 92*f + 9. What is the remainder when x(8) is divided by 28?
9
Suppose -x + 2*z = -5*x + 214, 0 = 4*x - 5*z - 179. Calculate the remainder when 175 is divided by x.
22
Let q = -2058 + 2110. What is the remainder when 415 is divided by q?
51
Let n(y) = 3*y**2 - 14*y - 6*y**2 + 2*y**2 + 17. Let w be n(-14). Let v(a) = a**2 - 12*a + 16. Calculate the remainder when v(w) is divided by 26.
23
Suppose 60 = 3*q + 18. Suppose 53*g - 787 = 4354. What is the remainder when g is divided by q?
13
Let b(l) = -11*l**2 + 10*l + 35. Let m(a) = -2*a**2 + 1. Let s(v) = -2*b(v) + 10*m(v). Calculate the remainder when (1/3)/(2/426) is divided by s(13).
17
Let j = 38 - -12. Suppose 130 = 2*c + 4*d, 3*d = c - 0*c - j. Suppose 3*o - c = -2*k, -3*o = 4*k - 7*o - 68. What is the remainder when k is divided by 8?
6
Let q(z) be the first derivative of z**3/3 - 13*z**2/2 + 22*z + 85. Calculate the remainder when 107 is divided by q(13).
19
Let z be 0 + 5 + 6/2*-1. Suppose -j - 72 = -5*g, -z*j + 3*g + 2*g - 129 = 0. Let f = -35 - j. What is the remainder when f is divided by 16?
6
Let l(h) = -h**3 + 7*h**2 + h + 27. Let i be l(7). Let q = -8 + i. Calculate the remainder when 118 is divided by q.
14
Let w(h) = 11*h**2 + 2*h + 5. Let z be w(2). Suppose 0 = -4*g + 28 + 40. What is the remainder when z - -10 - (-1 - -1) is divided by g?
12
Suppose 0 = 5*o - 5*p - 105800, -3*o = -7*o - 3*p + 84696. Calculate the remainder when o is divided by 146.
144
Suppose 81*o - 55*o - 3640 = 0. What is the remainder when o is divided by 18?
14
Suppose 2*h + 72 = 3*w, h + 4 = 4*w - 87. Suppose 0 = -w*q + 25*q + 3. Calculate the remainder when q/((-4)/160) - -3 is divided by 9.
7
Let o = -24641 - -25001. What is the remainder when o is divided by 181?
179
Calculate the remainder when 210 is divided by (6/(-10))/(40/(-3600)).
48
Let s = 11 - 6. Suppose -11*w + 6*w + 335 = 0. Let z = 91 - w. Calculate the remainder when z is divided by s.
4
Calculate the remainder when (-1)/(-4 + (-1173)/(-294)) is divided by 13*(4/(-14))/((-19)/(133/2)).
7
Let m(t) = 119*t + 285. What is the remainder when m(-1) is divided by 40?
6
Suppose 0 = -164*m + 12*m - 100*m + 116172. What is the remainder when m is divided by 39?
32
Suppose -2*m - 2 = r, -3*r - 2*m - 11 = -m. Let b be 6/(-2) + r + 142. Suppose 0 = 19*w - 14*w - b. Calculate the remainder when 66 is divided by w.
12
Let a be (16/(-20))/((18/(-36885))/(-6)). What is the remainder when 27/(-8) + 3 + a/(-32) is divided by 26?
21
Suppose 0 = 134*u - 145*u + 3014. Calculate the remainder when u is divided by 56.
50
Suppose c - 4*j - 296 = 0, 5*j = -c + 7*j + 288. What is the remainder when c is divided by 98?
84
Let t = 269 - 242. Suppose -8*v = t*v - 57015. Calculate the remainder when v is divided by 102.
99
Let z = 6062 + -6038. Calculate the remainder when 5180 is divided by z.
20
Let s be (0 + (-18)/(-10))/(81/135). Suppose -s*w - 4 = -7. What is the remainder when ((-2)/w)/((-36)/32 + 1) is divided by 7?
2
Suppose -3 = 3*f - 0*f, 4*s - 3*f = 631. What is the remainder when 1412 is divided by s?
156
Let n be 124/3*66/44. Suppose 5*b + c = 6*c + 95, -3*b + 4*c = -n. Let t(g) = 4*g**2 - 3*g + 5. Calculate the remainder when t(-4) is divided by b.
11
Let l = 4101 + -506. Calculate the remainder when l is divided by 31.
30
Let u = -45 - -45. Suppose -5*c = -u*c - 0*c. Suppose 4*w = -c*w + 184. Calculate the remainder when w is divided by 24.
22
Let l = -7385 - -7464. What is the remainder when 2209 is divided by l?
76
Let n(w) = -w**3 + 64*w**2 - 152*w + 1765. Calculate the remainder when 861 is divided by n(62).
20
Let q = 652 + -164. What is the remainder when q is divided by 111?
44
Calculate the remainder when 9341 is divided by 12/5 - 2 - (-22)/110*158.
29
Let d(o) = 66*o - 2835. What is the remainder when 112 is divided by d(43)?
1
Calculate the remainder when 83 is divided by -6 - 128/(-21) - 7616/(-294).
5
Suppose -3*d + 46 = -h, -5*d = -10*d - 4*h + 122. What is the remainder when 96 is divided by d?
6
Let f(s) = s**3 - 23*s**2 + 22*s + 30. Calculate the remainder when f(22) is divided by 27.
3
Let d(k) = -22*k - 383. Calculate the remainder when d(-31) is divided by 52.
39
Let p(b) = -b**2 - 45*b - 115. What is the remainder when p(-41) is divided by 39?
10
Let t(p) = p**2 + 9*p - 16. Let w be t(8). Suppose w*q = 111*q + 1611. Calculate the remainder when q is divided by 9.
8
Suppose 6 = 5*x - 59. Suppose 2*j + 7 = 4*m - m, -10 = -4*m + 3*j. Let w(f) = 36*f + 1. What is the remainder when w(m) is divided by x?
11
What is the remainder when (-118)/(-2)*(29 + -28) is divided by 29?
1
Let y(z) = 524*z - 4176. What is the remainder when 1819 is divided by y(8)?
11
What is the remainder when ((-526)/(-14) - -1)/(5 + 442/(-91)) is divided by (-130)/(-5) - 9/(3 + 0)?
17
Suppose -518 = -4*q + 5*c, 4*q = -2*c - 266 + 770. Let a = 140 - q. Calculate the remainder when 24 is divided by a.
11
What is the remainder when 204/(-357) - 3/((-63)/4674) is divided by 56?
54
Let q = -4932 - -7760. Calculate the remainder when q is divided by 22.
12
Suppose 189*x - 172 - 584 = 0. What is the remainder when 2377 is divided by x?
1
Let a = 1267 - 1200. What is the remainder when a is divided by 23?
21
Let u = -1844 + 3082. What is the remainder when u is divided by 69?
65
Let f = -40348 + 40561. What is the remainder when f is divided by (-32)/2*18/(-4)?
69
Let q be 0/2*3/6. Suppose -4*b = -20, 2*a + a + b - 26 = q. Calculate the remainder when 55 is divided by a.
6
Let v be 800/36 + (-3)/(27/2). Suppose 0 = 18*i - v*i + 1344. Suppose -i = -10*p + 2*p. What is the remainder when p is divided by 16?
10
Let g(i) = i**2 + 23*i - 35. Calculate the remainder when 85 is divided by g(-26).
42
What is the remainder when 165 is divided by 4*(-15)/10*(-8 + 2)?
21
Let r = -41 - -66. Let n(i) = 2*i + 12. Let v be n(-5). Calculate the remainder when r is divided by ((-117)/(-18))/(1/v).
12
Let y(j) = 23*j + 159. Let n be y(0). Suppose 3*l = v - 66, 4*v - 2*l - 125 = n. Calculate the remainder when v is divided by 37.
35
Let o be 0/(-10 - -4)*4/(-8). Suppos